85?
False
Is 51 a factor of 709?
False
Is 312 a multiple of 4?
True
Is 6944 a multiple of 16?
True
Is 11 a factor of 317?
False
Is 235 a factor of 23500?
True
Is 422 a multiple of 4?
False
Is 10 a factor of 400?
True
Is 9 a factor of 1012?
False
Does 39 divide 133?
False
Does 109 divide 5995?
True
Is 92 a factor of 80500?
True
Is 555 a multiple of 37?
True
Is 3 a factor of 72?
True
Is 24 a factor of 504?
True
Does 2 divide 107?
False
Does 16 divide 56928?
True
Does 28 divide 128744?
True
Is 15 a factor of 136155?
True
Is 3 a factor of 101?
False
Does 11 divide 3418?
False
Is 13884 a multiple of 89?
True
Is 35 a factor of 54507?
False
Is 672 a multiple of 14?
True
Is 4347 a multiple of 27?
True
Does 12 divide 4584?
True
Does 39 divide 29445?
True
Is 76 a multiple of 20?
False
Is 10 a factor of 1529?
False
Is 324 a multiple of 27?
True
Is 546 a multiple of 42?
True
Is 487 a multiple of 6?
False
Is 6 a factor of 383?
False
Does 127 divide 4064?
True
Does 22 divide 308?
True
Does 17 divide 808?
False
Is 74 a multiple of 37?
True
Is 6743 a multiple of 9?
False
Is 27738 a multiple of 23?
True
Is 1392 a multiple of 94?
False
Is 126 a multiple of 7?
True
Is 23 a factor of 874?
True
Does 116 divide 14152?
True
Does 15 divide 15?
True
Is 162 a factor of 15517?
False
Is 116 a factor of 354?
False
Is 20 a factor of 1372?
False
Is 28 a factor of 138?
False
Is 1441 a multiple of 60?
False
Is 6 a factor of 579?
False
Is 15 a factor of 66?
False
Is 11 a factor of 56683?
True
Does 83 divide 5320?
False
Does 8 divide 5696?
True
Is 1496 a multiple of 44?
True
Does 8 divide 7688?
True
Is 14561 a multiple of 103?
False
Is 5101 a multiple of 159?
False
Is 11 a factor of 22693?
True
Does 6 divide 1301?
False
Is 17 a factor of 289?
True
Is 3293 a multiple of 41?
False
Does 5 divide 14429?
False
Is 30 a factor of 38970?
True
Does 3 divide 2772?
True
Does 202 divide 5705?
False
Is 20 a factor of 25468?
False
Does 12 divide 840?
True
Is 75 a factor of 184875?
True
Is 13 a factor of 41431?
True
Does 67 divide 1072?
True
Does 8 divide 26571?
False
Does 44 divide 13816?
True
Is 57 a factor of 3689?
False
Does 33 divide 127?
False
Is 68 a multiple of 17?
True
Is 47 a factor of 1287?
False
Is 7 a factor of 2194?
False
Does 15 divide 53574?
False
Does 13 divide 17836?
True
Is 1738 a multiple of 95?
False
Does 50 divide 13318?
False
Does 28 divide 6132?
True
Does 12 divide 444?
True
Does 14 divide 56?
True
Does 19 divide 2872?
False
Is 590 a multiple of 10?
True
Is 3616 a multiple of 13?
False
Is 180 a multiple of 45?
True
Is 11 a factor of 154?
True
Is 3933 a multiple of 171?
True
Does 111 divide 55709?
False
Does 6 divide 8976?
True
Is 7279 a multiple of 30?
False
Is 1104 a multiple of 24?
True
Is 19 a factor of 855?
True
Does 3 divide 3018?
True
Is 8 a factor of 12112?
True
Does 11 divide 2937?
True
Does 16 divide 5797?
False
Does 71 divide 19951?
True
Does 24 divide 30717?
False
Does 14 divide 98?
True
Does 6 divide 236?
False
Is 15 a factor of 16164?
False
Is 60 a factor of 9358?
False
Does 11 divide 2372?
False
Does 18 divide 3150?
True
Does 41 divide 1772?
False
Is 44 a multiple of 8?
False
Is 5200 a multiple of 50?
True
Is 111 a factor of 41847?
True
Does 29 divide 122?
False
Is 7605 a multiple of 14?
False
Does 5 divide 510?
True
Is 11 a factor of 8624?
True
Is 19522 a multiple of 43?
True
Does 12 divide 33641?
False
Is 21 a factor of 4422?
False
Does 30 divide 994?
False
Is 68 a factor of 2803?
False
Is 57 a factor of 23432?
False
Does 43 divide 387?
True
Is 4030 a multiple of 13?
True
Does 15 divide 4455?
True
Is 570 a multiple of 15?
True
Is 369 a multiple of 5?
False
Is 11 a factor of 4686?
True
Does 44 divide 11235?
False
Is 14 a factor of 3103?
False
Is 53 a factor of 1007?
True
Is 27 a factor of 486?
True
Does 132 divide 118305?
False
Is 28118 a multiple of 9?
False
Does 45 divide 5445?
True
Is 7 a factor of 12057?
False
Is 8 a factor of 706?
False
Is 37 a factor of 1036?
True
Is 14 a factor of 17990?
True
Is 47 a factor of 13677?
True
Is 11 a factor of 317?
False
Is 7 a factor of 3526?
False
Is 16 a factor of 9390?
False
Does 19 divide 3209?
False
Is 8 a factor of 390?
False
Is 32 a factor of 16773?
False
Is 7170 a multiple of 10?
True
Is 81 a factor of 1831?
False
Is 780 a multiple of 12?
True
Is 21 a factor of 3161?
False
Is 28 a factor of 19047?
False
Is 42 a factor of 386?
False
Does 25 divide 975?
True
Does 5 divide 794?
False
Is 1331 a multiple of 11?
True
Is 394 a multiple of 23?
False
Is 2412 a multiple of 18?
True
Is 11840 a multiple of 185?
True
Is 100 a factor of 28600?
True
Is 104 a factor of 1144?
True
Is 10998 a multiple of 143?
False
Is 5900 a multiple of 10?
True
Is 11 a multiple of 6?
False
Is 31 a factor of 1705?
True
Is 1983 a multiple of 13?
False
Does 8 divide 32?
True
Is 19960 a multiple of 39?
False
Is 28 a factor of 37741?
False
Is 26 a factor of 2109?
False
Does 10 divide 49273?
False
Is 91 a factor of 651?
False
Is 13 a factor of 367?
False
Does 6 divide 980?
False
Does 5 divide 12950?
True
Is 1824 a multiple of 32?
True
Is 4 a factor of 108?
True
Is 1437 a multiple of 13?
False
Does 12 divide 7362?
False
Does 57 divide 1140?
True
Is 14508 a multiple of 36?
True
Does 9 divide 367?
False
Is 20 a factor of 6780?
True
Is 304 a factor of 106096?
True
Does 19 divide 133?
True
Is 67 a factor of 753?
False
Is 47 a factor of 584?
False
Is 129 a factor of 5626?
False
Does 80 divide 42588?
False
Is 75 a factor of 363?
False
Is 12 a factor of 300?
True
Is 10 a factor of 1866?
False
Is 51152 a multiple of 17?
False
Does 5 divide 3005?
True
Does 16 divide 2656?
True
Is 866 a multiple of 21?
False
Is 265 a factor of 31395?
False
Is 33 a factor of 11550?
True
Is 2647 a multiple of 34?
False
Is 14 a factor of 518?
True
Is 29 a factor of 3555?
False
Does 36 divide 65?
False
Does 22 divide 1100?
True
Is 20820 a multiple of 12?
True
Does 43 divide 172?
True
Is 3 a factor of 1930?
False
Does 20 divide 1800?
True
Is 380 a multiple of 4?
True
Does 48 divide 11299?
False
Is 91 a factor of 39403?
True
Does 2 divide 161?
False
Is 18 a factor of 36080?
False
Is 5317 a multiple of 13?
True
Is 366 a multiple of 16?
False
Is 47 a factor of 799?
True
Is 10404 a multiple of 13?
False
Is 64 a factor of 44416?
True
Does 6 divide 226?
False
Is 48 a factor of 563?
False
Is 886 a multiple of 52?
False
Does 138 divide 2898?
True
Is 2431 a multiple of 187?
True
Is 3 a factor of 33612?
True
Does 28 divide 560?
True
Does 19 divide 821?
False
Is 134 a factor of 35108?
True
Does 13 divide 78?
True
Does 19 divide 3192?
True
Is 2277 a multiple of 11?
True
Is 201 a factor of 39999?
True
Is 88 a multiple of 67?
False
Is 254 a factor of 41148?
True
Is 62 a factor of 1473?
False
Does 104 divide 1352?
True
Is 74 a multiple of 42?
False
Is 130 a multiple of 35?
False
Is 661 a multiple of 11?
False
Is 10072 a multiple of 8?
True
Does 9 divide 3302?
False
Does 14 divide 770?
True
Is 76286 a multiple of 202?
False
Is 5 a factor of 845?
True
Does 16 divide 2608?
True
Is 4464 a multiple of 81?
False
Is 45 a factor of 94545?
True
Is 55 a factor of 3520?
True
Is 21 a factor of 672?
True
Is 6 a factor of 15084?
True
Does 31 divide 543?
False
Is 8 a factor of 4529?
False
Is 61327 a multiple of 290?
False
Does 189 divide 6061?
False
Is 6370 a multiple of 5?
True
Is 3808 a multiple of 119?
True
Is 920 a multiple of 92?
True
Is 106604 a multiple of 29?
True
Does 7 divide 344?
False
Is 17066 a multiple of 4?
False
Is 76663 a multiple of 290?
False
Does 52 divide 4574?
False
Does 31 divide 231?
False
Is 5 a factor of 6825?
True
Is 60 a factor of 1396?
False
Is 6230 a multiple of 35?
True
Does 7 divide 4627?
True
Is 1210 a multiple of 9?
False
Does 75 divide 1350?
True
Does 18 divide 6189?
False
Is 7140 a multiple of 42?
True
Is 4 a factor of 4455?
False
Does 83 divide 11893?
False
Does 6 divide 702?
True
Is 36 a factor of 11052?
True
Is 3639 a multiple of 3?
True
Is 2002 a multiple of 13?
True
Is 44 a factor of 2684?
True
Is 4611 a multiple of 29?
True
Is 6 a factor of 1897?
False
Does 47 divide 3954?
False
Is 5790 a multiple of 10?
True
Does 4 divide 1800?
True
Is 16709 a multiple of 7?
True
Is 21 a factor of 95?
False
Is 349 even?
False
Is 12 a factor of 372?
True
Is 7353 a multiple of 129?